{"id":358,"date":"2022-10-03T09:32:29","date_gmt":"2022-10-03T09:32:29","guid":{"rendered":"https:\/\/arranosafety.com\/index.php\/integralt-iranyitasi-rendszer-2\/"},"modified":"2022-10-03T09:32:36","modified_gmt":"2022-10-03T09:32:36","slug":"integralt-iranyitasi-rendszer-2","status":"publish","type":"page","link":"https:\/\/arranosafety.com\/index.php\/integralt-iranyitasi-rendszer-2\/","title":{"rendered":"Integr\u00e1lt ir\u00e1ny\u00edt\u00e1si rendszer"},"content":{"rendered":"\n  \n    <section class=\"u-align-left u-clearfix u-section-1\" id=\"sec-68ed\">\n      <div class=\"u-clearfix u-sheet u-sheet-1\">\n        <div class=\"fr-view u-clearfix u-rich-text u-text u-text-1\">\n          <h1 data-lang-en=\"Integr\u00e1lt Ir\u00e1ny\u00edt\u00e1si Rendszer\">\n            <span class=\"u-custom-font u-font-arial\">Integr\u00e1lt Ir\u00e1ny\u00edt\u00e1si Rendszer<\/span>\n          <\/h1>\n          <p data-lang-en=\"<span style=&quot;line-height: 2; font-size: 1.25rem;&quot;>&nbsp;<\/span>\" style=\"text-align: left;\">\n            <span style=\"line-height: 2; font-size: 1.25rem;\">&nbsp;<\/span>\n          <\/p>\n          <p data-lang-en=\"<span style=&quot;font-size: 1.125rem;&quot;>Az <span style=&quot;font-weight: 700;&quot;>Arrano Kft<\/span>. v\u00e1llal tan\u00e1csad\u00e1st \u00e9s auditra val\u00f3 felk\u00e9sz\u00edt\u00e9st az al\u00e1bbi szabv\u00e1nyok tekintet\u00e9ben:<\/span>\">\n            <span style=\"font-size: 1.125rem;\">\n              <span style=\"font-size: 1.25rem;\">Az <span style=\"font-weight: 700;\">Arrano Kft<\/span>. v\u00e1llal tan\u00e1csad\u00e1st \u00e9s auditra val\u00f3 felk\u00e9sz\u00edt\u00e9st az al\u00e1bbi szabv\u00e1nyok tekintet\u00e9ben:\n              <\/span>\n            <\/span>\n          <\/p>\n          <ul id=\"isPasted\">\n            <li data-lang-en=\"<span style=&quot;font-size: 1.125rem;&quot;>ISO 9001 \u2013 Min\u0151s\u00e9gir\u00e1ny\u00edt\u00e1si rendszer<\/span>\" style=\"text-align: justify;\">\n              <span style=\"font-size: 1.25rem;\">ISO 9001 \u2013 Min\u0151s\u00e9gir\u00e1ny\u00edt\u00e1si rendszer<\/span>\n            <\/li>\n            <li data-lang-en=\"<span style=&quot;font-size: 1.125rem;&quot;>ISO 14001 \u2013 K\u00f6rnyezetk\u00f6zpont\u00fa ir\u00e1ny\u00edt\u00e1si rendszer<\/span>\">\n              <span style=\"font-size: 1.25rem;\">ISO 14001 \u2013 K\u00f6rnyezetk\u00f6zpont\u00fa ir\u00e1ny\u00edt\u00e1si rendszer<\/span>\n            <\/li>\n            <li data-lang-en=\"<span style=&quot;font-size: 1.125rem;&quot;>ISO 27001 \u2013 Inform\u00e1ci\u00f3biztons\u00e1gi ir\u00e1ny\u00edt\u00e1si rendszer<\/span>\">\n              <span style=\"font-size: 1.25rem;\">ISO 27001 \u2013 Inform\u00e1ci\u00f3biztons\u00e1gi ir\u00e1ny\u00edt\u00e1si rendszer<\/span>\n            <\/li>\n            <li data-lang-en=\"<span style=&quot;font-size: 1.125rem;&quot;>ISO 45001 \u2013 Munkahelyi eg\u00e9szs\u00e9gi \u00e9s biztons\u00e1gi ir\u00e1ny\u00edt\u00e1si rendszer<\/span>\">\n              <span style=\"font-size: 1.25rem;\">ISO 45001 \u2013 Munkahelyi eg\u00e9szs\u00e9gi \u00e9s biztons\u00e1gi ir\u00e1ny\u00edt\u00e1si rendszer<\/span>\n            <\/li>\n            <li data-lang-en=\"<span style=&quot;font-size: 1.125rem;&quot;>ISO 50001 \u2013 Energia ir\u00e1ny\u00edt\u00e1si rendszer<\/span>\">\n              <span style=\"font-size: 1.25rem;\">ISO 50001 \u2013 Energia ir\u00e1ny\u00edt\u00e1si rendszer<\/span>\n            <\/li>\n          <\/ul>\n          <p data-lang-en=\"<br>\">\n            <br>\n          <\/p>\n          <blockquote data-lang-en=\"<br>\">\n            <br>\n          <\/blockquote>\n        <\/div>\n        <a href=\"https:\/\/arranosafety.com\/index.php\/kapcsolat-2\/\" class=\"u-btn u-btn-round u-button-style u-hover-palette-1-light-2 u-palette-1-base u-radius-2 u-btn-1\" data-lang-en=\"{&quot;content&quot;:&quot;Tov\u00e1bbi inform\u00e1ci\u00f3\u00e9rt l\u00e9pjen vel\u00fcnk kapcsolatba!&quot;,&quot;href&quot;:&quot;642719288&quot;}\">Tov\u00e1bbi inform\u00e1ci\u00f3\u00e9rt l\u00e9pjen vel\u00fcnk kapcsolatba!<\/a>\n        <div class=\"u-border-3 u-border-palette-1-base u-expanded-width-xs u-line u-line-horizontal u-line-1\"><\/div>\n      <\/div>\n    <\/section>\n    <section class=\"u-clearfix u-section-2\" id=\"sec-4077\">\n      <div class=\"u-clearfix u-sheet u-sheet-1\"><\/div>\n    <\/section>\n    \n    \n    \n  \n","protected":false},"excerpt":{"rendered":"<p>Integr\u00e1lt Ir\u00e1ny\u00edt\u00e1si Rendszer &nbsp; Az Arrano Kft. v\u00e1llal tan\u00e1csad\u00e1st \u00e9s auditra val\u00f3 felk\u00e9sz\u00edt\u00e9st az al\u00e1bbi szabv\u00e1nyok tekintet\u00e9ben: ISO 9001 \u2013 Min\u0151s\u00e9gir\u00e1ny\u00edt\u00e1si rendszer ISO 14001 \u2013 K\u00f6rnyezetk\u00f6zpont\u00fa ir\u00e1ny\u00edt\u00e1si rendszer ISO 27001 \u2013 Inform\u00e1ci\u00f3biztons\u00e1gi ir\u00e1ny\u00edt\u00e1si rendszer ISO 45001 \u2013 Munkahelyi eg\u00e9szs\u00e9gi \u00e9s biztons\u00e1gi ir\u00e1ny\u00edt\u00e1si rendszer ISO 50001 \u2013 Energia ir\u00e1ny\u00edt\u00e1si rendszer Tov\u00e1bbi inform\u00e1ci\u00f3\u00e9rt l\u00e9pjen vel\u00fcnk kapcsolatba!<\/p>\n","protected":false},"author":1,"featured_media":0,"parent":0,"menu_order":1,"comment_status":"closed","ping_status":"closed","template":"","meta":{"om_disable_all_campaigns":false,"_monsterinsights_skip_tracking":false,"_monsterinsights_sitenote_active":false,"_monsterinsights_sitenote_note":"","_monsterinsights_sitenote_category":0},"aioseo_notices":[],"_links":{"self":[{"href":"https:\/\/arranosafety.com\/index.php\/wp-json\/wp\/v2\/pages\/358"}],"collection":[{"href":"https:\/\/arranosafety.com\/index.php\/wp-json\/wp\/v2\/pages"}],"about":[{"href":"https:\/\/arranosafety.com\/index.php\/wp-json\/wp\/v2\/types\/page"}],"author":[{"embeddable":true,"href":"https:\/\/arranosafety.com\/index.php\/wp-json\/wp\/v2\/users\/1"}],"replies":[{"embeddable":true,"href":"https:\/\/arranosafety.com\/index.php\/wp-json\/wp\/v2\/comments?post=358"}],"version-history":[{"count":0,"href":"https:\/\/arranosafety.com\/index.php\/wp-json\/wp\/v2\/pages\/358\/revisions"}],"wp:attachment":[{"href":"https:\/\/arranosafety.com\/index.php\/wp-json\/wp\/v2\/media?parent=358"}],"curies":[{"name":"wp","href":"https:\/\/api.w.org\/{rel}","templated":true}]}}