{"id":362,"date":"2022-10-03T09:32:33","date_gmt":"2022-10-03T09:32:33","guid":{"rendered":"https:\/\/arranosafety.com\/index.php\/kapcsolat-2\/"},"modified":"2022-10-03T09:32:36","modified_gmt":"2022-10-03T09:32:36","slug":"kapcsolat-2","status":"publish","type":"page","link":"https:\/\/arranosafety.com\/index.php\/kapcsolat-2\/","title":{"rendered":"Kapcsolat"},"content":{"rendered":"\n  \n    <section class=\"u-align-center u-clearfix u-section-1\" id=\"sec-3122\">\n      <div class=\"u-align-left u-clearfix u-sheet u-sheet-1\">\n        <h1 class=\"u-custom-font u-font-arial u-text u-text-default u-text-1\" data-lang-en=\"<span style=&quot;font-weight: 700;&quot;>Kapcsola<\/span><span style=&quot;font-weight: 700;&quot;>t<\/span><span style=&quot;font-weight: 700;&quot;>\u200b<\/span>\">\n          <span style=\"font-weight: 700;\">Kapcsola<\/span>\n          <span style=\"font-weight: 700;\">t<\/span>\n          <span style=\"font-weight: 700;\"><\/span>\n        <\/h1>\n        <div class=\"u-border-3 u-border-palette-1-base u-line u-line-horizontal u-line-1\"><\/div>\n        <h4 class=\"u-align-center u-custom-font u-font-arial u-text u-text-default u-text-2\">Arrano Biztons\u00e1gtechnika Tan\u00e1csad\u00f3 \u00e9s Szolg\u00e1ltat\u00f3 Kft.<\/h4>\n        <p class=\"u-align-left u-custom-font u-font-arial u-text u-text-3\"> &nbsp;<span class=\"u-icon u-icon-1\"><svg class=\"u-svg-content\" viewBox=\"0 0 54.757 54.757\" x=\"0px\" y=\"0px\" style=\"width: 1em; height: 1em;\"><g><path d=\"M27.557,12c-3.859,0-7,3.141-7,7s3.141,7,7,7s7-3.141,7-7S31.416,12,27.557,12z M27.557,24c-2.757,0-5-2.243-5-5\n\t\ts2.243-5,5-5s5,2.243,5,5S30.314,24,27.557,24z\"><\/path><path d=\"M40.94,5.617C37.318,1.995,32.502,0,27.38,0c-5.123,0-9.938,1.995-13.56,5.617c-6.703,6.702-7.536,19.312-1.804,26.952\n\t\tL27.38,54.757L42.721,32.6C48.476,24.929,47.643,12.319,40.94,5.617z M41.099,31.431L27.38,51.243L13.639,31.4\n\t\tC8.44,24.468,9.185,13.08,15.235,7.031C18.479,3.787,22.792,2,27.38,2s8.901,1.787,12.146,5.031\n\t\tC45.576,13.08,46.321,24.468,41.099,31.431z\"><\/path>\n<\/g><\/svg><img><\/span>&nbsp; &nbsp;Postac\u00edm: 2600 V\u00e1c, Dr. Cs\u00e1nyi L\u00e1szl\u00f3 Krt. 20. 3\/2<br><span class=\"u-file-icon u-icon u-icon-2\"><img src=\"http:\/\/arranosafety.com\/wp-content\/uploads\/2022\/10\/149345.png\" alt=\"\"><\/span> &nbsp; Ad\u00f3sz\u00e1m: 29017610-2-13<br>&nbsp;<span class=\"u-file-icon u-icon u-icon-3\"><img src=\"http:\/\/arranosafety.com\/wp-content\/uploads\/2022\/10\/2830155.png\" alt=\"\"><\/span>&nbsp; &nbsp;Banksz\u00e1mlasz\u00e1m: K<span style=\"line-height: 107%; font-family: Arial, sans-serif;\">&amp;<\/span><!--EndFragment-->H 10401103-50526982-51811009<br>&nbsp;<span class=\"u-file-icon u-icon u-icon-4\"><img src=\"http:\/\/arranosafety.com\/wp-content\/uploads\/2022\/10\/149352.png\" alt=\"\"><\/span>&nbsp; &nbsp;C\u00e9gjegyz\u00e9ksz\u00e1m: 13-09-210183<br>&nbsp;<span class=\"u-file-icon u-icon u-icon-5\"><img src=\"http:\/\/arranosafety.com\/wp-content\/uploads\/2022\/10\/149448.png\" alt=\"\"><\/span>&nbsp; &nbsp;K\u00e9pviseli: <span style=\"font-weight: 700;\">Simonn\u00e9 Virsinger M\u00f3nika<\/span> \u00e9s <span style=\"font-weight: 700;\">Miskolci Bal\u00e1zs<\/span> \u00fcgyvezet\u0151k<br>\n          <br>\n          <br>\n        <\/p>\n        <a href=\"tel:+36 20 823 1353\" class=\"u-active-none u-bottom-left-radius-0 u-bottom-right-radius-0 u-btn u-btn-rectangle u-button-style u-hover-none u-none u-radius-0 u-top-left-radius-0 u-top-right-radius-0 u-btn-1\" data-lang-en=\"{&quot;content&quot;:&quot;\u200b<span class=&quot;u-icon&quot; style=&quot;&quot;><svg xmlns=&quot;http:\/\/www.w3.org\/2000\/svg&quot; xmlns:xlink=&quot;http:\/\/www.w3.org\/1999\/xlink&quot; version=&quot;1.1&quot; xml:space=&quot;preserve&quot; class=&quot;u-svg-content&quot; viewBox=&quot;0 0 405.333 405.333&quot; x=&quot;0px&quot; y=&quot;0px&quot; style=&quot;width: 1em; height: 1em;&quot; data-color=&quot;#000000&quot;><path d=&quot;M373.333,266.88c-25.003,0-49.493-3.904-72.704-11.563c-11.328-3.904-24.192-0.896-31.637,6.699l-46.016,34.752    c-52.8-28.181-86.592-61.952-114.389-114.368l33.813-44.928c8.512-8.512,11.563-20.971,7.915-32.64    C142.592,81.472,138.667,56.96,138.667,32c0-17.643-14.357-32-32-32H32C14.357,0,0,14.357,0,32    c0,205.845,167.488,373.333,373.333,373.333c17.643,0,32-14.357,32-32V298.88C405.333,281.237,390.976,266.88,373.333,266.88z&quot;><\/path><\/svg><img><\/span>&amp;nbsp;+36 20 823 1353&quot;,&quot;href&quot;:&quot;tel:+36 20 823 1353&quot;}\"><span class=\"u-icon\"><svg class=\"u-svg-content\" viewBox=\"0 0 405.333 405.333\" x=\"0px\" y=\"0px\" style=\"width: 1em; height: 1em;\"><path d=\"M373.333,266.88c-25.003,0-49.493-3.904-72.704-11.563c-11.328-3.904-24.192-0.896-31.637,6.699l-46.016,34.752    c-52.8-28.181-86.592-61.952-114.389-114.368l33.813-44.928c8.512-8.512,11.563-20.971,7.915-32.64    C142.592,81.472,138.667,56.96,138.667,32c0-17.643-14.357-32-32-32H32C14.357,0,0,14.357,0,32    c0,205.845,167.488,373.333,373.333,373.333c17.643,0,32-14.357,32-32V298.88C405.333,281.237,390.976,266.88,373.333,266.88z\"><\/path><\/svg><img><\/span>&nbsp;+36 20 823 1353\n        <\/a>\n        <a href=\"mailto:arranosafety@gmail.com\" class=\"u-active-none u-bottom-left-radius-0 u-bottom-right-radius-0 u-btn u-btn-rectangle u-button-style u-hover-none u-none u-radius-0 u-text-body-color u-top-left-radius-0 u-top-right-radius-0 u-btn-2\" data-lang-en=\"{&quot;content&quot;:&quot;\u200b<span class=&quot;u-icon u-white u-icon-2&quot; style=&quot;padding-top: 1.6px; padding-bottom: 1.6px; padding-left: 1.6px; padding-right: 1.6px&quot;><svg xmlns=&quot;http:\/\/www.w3.org\/2000\/svg&quot; xmlns:xlink=&quot;http:\/\/www.w3.org\/1999\/xlink&quot; version=&quot;1.1&quot; xml:space=&quot;preserve&quot; class=&quot;u-svg-content&quot; viewBox=&quot;0 0 24 16&quot; x=&quot;0px&quot; y=&quot;0px&quot; style=&quot;width: 1em; height: 1em;&quot; data-color=&quot;#468ac9&quot;><path fill=&quot;currentColor&quot; d=&quot;M23.8,1.1l-7.3,6.8l7.3,6.8c0.1-0.2,0.2-0.6,0.2-0.9V2C24,1.7,23.9,1.4,23.8,1.1z M21.8,0H2.2ntc-0.4,0-0.7,0.1-1,0.2L10.6,9c0.8,0.8,2.2,0.8,3,0l9.2-8.7C22.6,0.1,22.2,0,21.8,0z M0.2,1.1C0.1,1.4,0,1.7,0,2V14ntc0,0.3,0.1,0.6,0.2,0.9l7.3-6.8L0.2,1.1z M15.5,9l-1.1,1c-1.3,1.2-3.6,1.2-4.9,0l-1-1l-7.3,6.8c0.2,0.1,0.6,0.2,1,0.2H22ntc0.4,0,0.6-0.1,1-0.2L15.5,9z&quot;><\/path><\/svg><img><\/span>&amp;nbsp;arranosafety@gmail.com&quot;,&quot;href&quot;:&quot;mailto:arranosafety@gmail.com&quot;}\"><span class=\"u-icon u-white u-icon-7\"><svg class=\"u-svg-content\" viewBox=\"0 0 24 16\" x=\"0px\" y=\"0px\" style=\"width: 1em; height: 1em;\"><path fill=\"currentColor\" d=\"M23.8,1.1l-7.3,6.8l7.3,6.8c0.1-0.2,0.2-0.6,0.2-0.9V2C24,1.7,23.9,1.4,23.8,1.1z M21.8,0H2.2\n\tc-0.4,0-0.7,0.1-1,0.2L10.6,9c0.8,0.8,2.2,0.8,3,0l9.2-8.7C22.6,0.1,22.2,0,21.8,0z M0.2,1.1C0.1,1.4,0,1.7,0,2V14\n\tc0,0.3,0.1,0.6,0.2,0.9l7.3-6.8L0.2,1.1z M15.5,9l-1.1,1c-1.3,1.2-3.6,1.2-4.9,0l-1-1l-7.3,6.8c0.2,0.1,0.6,0.2,1,0.2H22\n\tc0.4,0,0.6-0.1,1-0.2L15.5,9z\"><\/path><\/svg><img><\/span>&nbsp;arranosafety@gmail.com\n        <\/a>\n        <div class=\"u-border-3 u-border-palette-1-base u-line u-line-horizontal u-line-2\"><\/div>\n      <\/div>\n    <\/section>\n    \n    \n    \n  \n","protected":false},"excerpt":{"rendered":"<p>Kapcsola t Arrano Biztons\u00e1gtechnika Tan\u00e1csad\u00f3 \u00e9s Szolg\u00e1ltat\u00f3 Kft. &nbsp; &nbsp; &nbsp;Postac\u00edm: 2600 V\u00e1c, Dr. Cs\u00e1nyi L\u00e1szl\u00f3 Krt. 20. 3\/2 &nbsp; Ad\u00f3sz\u00e1m: 29017610-2-13&nbsp;&nbsp; &nbsp;Banksz\u00e1mlasz\u00e1m: K&amp;H 10401103-50526982-51811009&nbsp;&nbsp; &nbsp;C\u00e9gjegyz\u00e9ksz\u00e1m: 13-09-210183&nbsp;&nbsp; &nbsp;K\u00e9pviseli: Simonn\u00e9 Virsinger M\u00f3nika \u00e9s Miskolci Bal\u00e1zs \u00fcgyvezet\u0151k &nbsp;+36 20 823 1353 &nbsp;arranosafety@gmail.com<\/p>\n","protected":false},"author":1,"featured_media":0,"parent":0,"menu_order":5,"comment_status":"closed","ping_status":"closed","template":"","meta":{"om_disable_all_campaigns":false,"_monsterinsights_skip_tracking":false,"_monsterinsights_sitenote_active":false,"_monsterinsights_sitenote_note":"","_monsterinsights_sitenote_category":0},"aioseo_notices":[],"_links":{"self":[{"href":"https:\/\/arranosafety.com\/index.php\/wp-json\/wp\/v2\/pages\/362"}],"collection":[{"href":"https:\/\/arranosafety.com\/index.php\/wp-json\/wp\/v2\/pages"}],"about":[{"href":"https:\/\/arranosafety.com\/index.php\/wp-json\/wp\/v2\/types\/page"}],"author":[{"embeddable":true,"href":"https:\/\/arranosafety.com\/index.php\/wp-json\/wp\/v2\/users\/1"}],"replies":[{"embeddable":true,"href":"https:\/\/arranosafety.com\/index.php\/wp-json\/wp\/v2\/comments?post=362"}],"version-history":[{"count":0,"href":"https:\/\/arranosafety.com\/index.php\/wp-json\/wp\/v2\/pages\/362\/revisions"}],"wp:attachment":[{"href":"https:\/\/arranosafety.com\/index.php\/wp-json\/wp\/v2\/media?parent=362"}],"curies":[{"name":"wp","href":"https:\/\/api.w.org\/{rel}","templated":true}]}}